w**2 - w. Let k(b) = c(b) + 5*o(b). Let p be k(0). Is 2655/7 + p + (-45)/35 composite?
False
Let y = -15582 - -9044. Let h = 1281 - y. Is h composite?
True
Let j(g) = -3*g - 10. Let d be j(-7). Let u(l) be the third derivative of 4*l**4/3 - 7*l**3/2 - 2*l**2. Is u(d) prime?
True
Let q be 4/10 - 188/(-5). Let z be (-24)/18 - q/(-6)*1. Suppose -2*v + 1529 = 3*s, -3*s - z*v + 787 + 745 = 0. Is s a prime number?
True
Let f(d) = d**2 + 19*d + 20. Let h be f(-18). Let x(l) = -l**3 - 41 - 9*l**h - 3*l**2 - 14*l + 10. Is x(-14) a prime number?
True
Suppose -35*m - 338921 = 19*m - 3634379. Is m prime?
True
Suppose -74 = 5*n - 49. Let o(a) = 2*a**3 + 12*a**2 + 8*a - 8. Let z be o(n). Suppose z*s = 5*i + 6*s - 3167, -5*i + 3161 = 2*s. Is i a composite number?
False
Suppose 20 = -g - 3*u, 0*u = 4*g + 3*u + 44. Let f(p) = -500*p - 11. Is f(g) composite?
False
Suppose 4*y - 254 + 24 = -5*t, -y + 65 = 5*t. Is (-2)/5 + 993267/y prime?
True
Let o = -48231 + 77548. Is o a prime number?
False
Let w(c) be the third derivative of 0 + 143/6*c**3 - 2*c**2 + 0*c + 1/24*c**4. Is w(0) a composite number?
True
Let v(x) = -3*x**2 - 1072*x + 4. Is v(-157) a prime number?
False
Let a(v) = 1248*v**2 - 8*v. Let f be a(2). Suppose 2*j - 2*c = f, -4*j + 9555 = 3*c - 418. Is j composite?
True
Let r(q) = -q**2 + 9*q + 38. Let d be r(15). Let l = d + 54. Is 4/(-1 + l)*(-886)/(-8) composite?
False
Let b(i) = -1129*i - 12. Let j be b(-9). Suppose 671 = -5*p - j. Let x = p + 3447. Is x composite?
False
Let d = 123 + -88. Let l(c) = -d - 32*c + 20 + 12. Is l(-10) a composite number?
False
Let i(k) = k**2 - 4*k - 106. Let r(a) = -2*a**2 + 8*a + 210. Let h(j) = 7*i(j) + 4*r(j). Is h(-7) a prime number?
False
Suppose -5*l + 1011240 = 5*j, 102*l - 105*l + 202246 = j. Is j a composite number?
True
Let f(g) = g**2 - 27*g + 81. Let i be f(24). Suppose -i*v + 6*v = -1941. Is v a prime number?
True
Let r(i) = -i**3 + 9*i**2 + 2*i - 14. Let p be r(9). Suppose -2*j - 1880 = -p*x, x - 5*j = 584 - 123. Is x - 2/(4/(-4)) prime?
False
Suppose -4 = -4*g + 104. Suppose 23*m + 13084 = g*m. Is m prime?
True
Let m = 72 + -74. Let q be (5 + (-12)/2)*(-342)/m. Let x = 586 + q. Is x a prime number?
False
Suppose 0 = 3*i - 9, l - 2*l - 4*i = -6. Let f be l*(3262/6)/(-7). Suppose -5*m + 3*m + f = 2*g, 5*m + 932 = 4*g. Is g composite?
False
Let r(y) = 4*y + 8. Let l be r(-2). Suppose -q + 8 = g, -4*g + l*q - 5*q = -36. Suppose -5*k = -g*i - 281, -8 = i - 4. Is k a composite number?
False
Let w(x) = 2*x**2 + 13*x - 18. Suppose 105 = -5*u - 2*u. Is w(u) composite?
True
Suppose 5*y + y + 36 = 0. Let w(f) = 87*f**2 + 8*f + 10. Let x be w(y). Is (x + -3)/((-4)/(-4)) composite?
True
Let q be (-2 + 106)*248 - -8. Suppose 5*w = -l + 37140, -4*l + 3928 = 4*w - q. Is w prime?
False
Suppose 4*j = 2*j - s - 172, 0 = -j - s - 88. Suppose -11*a - 280 = 1623. Let y = j - a. Is y a prime number?
True
Is (38993/2)/(2/5*(-90)/(-72)) a prime number?
True
Let g = -54165 + 171328. Is g prime?
True
Is 2/19 - (-12 + (-1445682)/266) prime?
False
Let g be 6/(-4) - 2/8*-2. Let z(u) = -6*u**3 - 2*u**2. Let d be z(g). Suppose 0 = d*v - 2*j - 2276, -4*j + 194 = 5*v - 2677. Is v composite?
False
Suppose -4*r + 5*x + 291010 + 333678 = 0, -3*x + 156155 = r. Is r prime?
False
Let k = 17600 - 3603. Is k a prime number?
True
Suppose -2*y - 1009 = 3*h, 6*y + 1677 = -5*h + 5*y. Let z = 1129 + h. Is z a composite number?
True
Let o = 610519 - 207828. Is o prime?
True
Suppose -c - 422362 = -5*k, -422353 = -5*k - 9*c + 13*c. Is k a composite number?
True
Let q(j) = 17*j**3 + 5*j**2 - 12*j + 8. Let s be q(8). Suppose 0 = -4*f + u + 4*u + 23, 0 = -3*f - 5*u - 9. Suppose -10*h + f*h = -s. Is h a prime number?
True
Suppose -2*y = -2, 5*t + 5*y - 17866 = 4738364. Is t prime?
False
Let g = 146513 + -52608. Suppose 9*r - g = 2*r. Is r a composite number?
True
Let c(s) = 6*s**2 - 18*s + 46. Let o be c(9). Suppose -o*g + 372*g = 4492. Is g a composite number?
True
Suppose -2*j = -j + 10. Let q(f) = 2*f + 24. Let t be q(j). Is (1 - t)*1346/(-6) prime?
True
Suppose -3*r - 2*r = x - 28, -25 = -5*r. Suppose 2*p = x*q - 2295, 0 = p + 3*p. Suppose 770 = b - q. Is b a composite number?
True
Let i(b) = -b**3 + 4*b**2 + b - 2. Let z be i(4). Let y(d) = d + 8. Let f be y(z). Suppose g + 2531 = c, -5*g + f = -0. Is c composite?
True
Suppose 4*t - t = 0. Suppose 0*q + q = 2*u, t = -u + 2*q. Suppose u = -4*k + f + 622 + 450, -1347 = -5*k + 3*f. Is k prime?
False
Let p(c) = -120*c - 53. Let q be p(-6). Let s = 34 + q. Is s prime?
True
Let f(v) be the first derivative of -v**5/20 - 5*v**4/12 - 4*v**3/3 - v**2 + 11*v + 25. Let r(h) be the first derivative of f(h). Is r(-3) a composite number?
True
Let t be 3*((-6)/3 + -1 + -2). Let i(p) = -p**3 - 16*p**2 - 19*p - 13. Let a be i(t). Let g = a - -156. Is g composite?
True
Suppose u = -4*j - 0*j - 617, -2*u - 5*j - 1243 = 0. Let m = 40 - u. Is m prime?
False
Let y(r) = -9*r - 4*r + 2*r + 15 - r**2 + 4*r. Let n be y(-10). Is (n*1)/5 + 36 + 0 prime?
False
Let h(k) = -k**2 - 11*k + 40. Let j be h(-12). Is 60/14 + -4 - (-232700)/j composite?
False
Suppose -3*v + 15 = 0, 2*g + 4*v + 0*v = 70648. Is g prime?
False
Suppose -18*f + 175 = 7*f. Is f/((-35)/(-10585)) - 6 composite?
False
Let d(p) be the first derivative of 9*p**4 + p**3/3 - 3*p**2 - 11*p - 18. Let o be d(7). Suppose -12*c + 20*c - o = 0. Is c a composite number?
False
Suppose -3*f - 83 = 52*h - 56*h, 0 = 5*h - 3*f - 100. Suppose -h*b = -1301 - 212. Is b prime?
True
Suppose 0 = 9*i + i - 681807 - 319703. Is i a prime number?
True
Let h be 7/(-1 - -4 - 2). Suppose -4*z - h - 5 = 0. Is (1/z)/(4/26388*-3) a prime number?
True
Is (-7*64873/812)/(1/(-412)) a prime number?
False
Let i = 5995 - -22996. Is i composite?
True
Suppose 3*c = 4*u + 108, 2*u - 170 = 7*u + 5*c. Let d be 1*6/(-45) - 64/u. Suppose -4*n - 5*p + 3573 = 0, 0*p + d*p = 4*n - 3538. Is n a composite number?
False
Is 2252933/5 - 1136/(-2840) composite?
False
Let r be (-121380)/(-153) - 1/3. Suppose -3*w = u - r, -w + u + 257 = 5*u. Is w a prime number?
False
Suppose -17*r = -5*r + 80652. Let c = -4548 - r. Is c composite?
True
Suppose 0 = f - 69 + 71, -c - 2*f = -617475. Is c a composite number?
False
Let m(d) = -5 + 22*d**2 - 5*d**3 + 4*d**3 + 35*d + 14*d**2. Is m(27) a prime number?
False
Suppose -15000001 = o - 17*o - 15*o. Is o a prime number?
False
Let w(i) = 2162*i**2 - 81*i + 563. Is w(8) a composite number?
False
Let u = -37325 + 22593. Let g = u - -32578. Is g a prime number?
False
Let r(l) be the third derivative of 5*l**2 + 0*l + 5/3*l**4 + 25/6*l**3 + 0. Is r(13) a prime number?
False
Let p = 872779 + -429866. Is p a composite number?
True
Let k(d) = -d**2 - 37*d + 225. Let l be k(-42). Suppose -5*j - 26090 = -l*j. Is j composite?
False
Suppose 2*m - 762480 = -15*g + 17*g, 4*m = -2*g + 1524942. Is m composite?
True
Let j(g) be the first derivative of -19*g**3 + 7*g + 11. Let u be j(3). Let m = 852 + u. Is m a prime number?
False
Suppose -5*y = 2*o - 19301, 11*y - 15451 = 7*y - 5*o. Let x = y + -1686. Is x a composite number?
True
Let m = -101657 - -225498. Is m a composite number?
True
Suppose 3*u = -5*w - 261, 3*u - w = 8*u + 413. Let n = 1 - u. Suppose -j = -2*j + n. Is j a composite number?
False
Suppose -b = -4*x - 112743, -71*x = 4*b - 74*x - 450998. Is b a prime number?
False
Let u(d) = 2*d + 1. Let z(r) = 483*r + 39. Let j(b) = -4*u(b) - z(b). Is j(-4) a prime number?
False
Let f(d) = -1813*d - 5. Let p(j) = -2*j - 1. Let s(z) = -f(z) - p(z). Is s(1) composite?
True
Suppose 0 = -3*p - i + 20, 0*p - 3*p = -5*i - 44. Suppose 0 = -t + 6 - p. Is (504 - 15/(-3)) + 8/t a prime number?
False
Suppose -42 - 12 = -6*t. Suppose t*c - c = 15640. Suppose -4*m + c = -2*z - 1565, -z = 2. Is m prime?
False
Let a be -7*2/(-7) - 1. Is 32788/28 - 0/(0 - a) a prime number?
True
Let h(a) = -15*a + 11. Suppose 3*b = -3*z - 687, 0*b + 4*z = -3*b - 692. Let s be 1 - 1 - b/(-14). Is h(s) composite?
False
Suppose -7*t = -11*t + 12. Suppose 3*u + t*o + 0*o = 2718, -2*u - o + 1813 = 0. Is u a prime number?
True
Suppose 4 = -l + 7. Let v = 6 - l. Suppose 0 = 4*k - v*j - 69, 3*j = -3*k + 2*j + 42. Is k a prime number?
False
Let q = -68 - -124. Let k = -51 + q. Is 5*(k + 1488/20) a prime number?
True
Let m be -2 + (-2